divide 109784?
True
Is 1142779 a multiple of 16?
False
Is 25 a factor of 2960?
False
Is 364 a factor of 297752?
True
Does 694 divide 117980?
True
Is 1973 a factor of 33513192?
False
Is 17 a factor of 147957?
False
Is 8 a factor of 24216?
True
Does 46 divide 138911?
False
Does 268 divide 3638368?
True
Does 503 divide 611145?
True
Is 1277944 a multiple of 31?
True
Is 180910 a multiple of 22?
False
Is 15270139 a multiple of 6?
False
Is 724 a factor of 1938767?
False
Does 88 divide 15650?
False
Is 265692 a multiple of 12?
True
Does 120 divide 290040?
True
Does 3 divide 55710?
True
Is 230 a factor of 6440?
True
Is 5 a factor of 4115647?
False
Is 28 a factor of 416093?
False
Is 5182071 a multiple of 149?
True
Is 637920 a multiple of 120?
True
Is 80 a factor of 85840?
True
Is 14 a factor of 18240?
False
Is 87827 a multiple of 12?
False
Does 9 divide 746793?
True
Does 442 divide 25965898?
False
Is 400 a factor of 486845?
False
Does 6 divide 1258632?
True
Is 68291 a multiple of 6?
False
Is 566 a factor of 966728?
True
Is 61160 a multiple of 220?
True
Is 49 a factor of 1112300?
True
Does 3 divide 35394?
True
Is 4 a factor of 535056?
True
Is 235059 a multiple of 70?
False
Does 17 divide 288779?
True
Is 877611 a multiple of 21?
True
Is 3582546 a multiple of 102?
True
Does 38 divide 61864?
True
Is 189 a factor of 236061?
True
Is 6 a factor of 38289?
False
Is 66 a factor of 86790?
True
Is 14 a factor of 111020?
True
Does 205 divide 1819580?
True
Is 4221972 a multiple of 9?
True
Does 11 divide 689557?
True
Is 2548995 even?
False
Does 10 divide 11375320?
True
Is 31348 a multiple of 6?
False
Does 36 divide 266904?
True
Does 63 divide 120204?
True
Does 521 divide 1154015?
True
Does 3 divide 312983?
False
Is 26 a factor of 2726044?
False
Does 119 divide 25756667?
False
Is 389 a factor of 5659950?
True
Is 4523687 a multiple of 277?
True
Does 31 divide 545817?
True
Does 188 divide 1924556?
True
Is 285 a factor of 3405180?
True
Is 349956 a multiple of 22?
False
Does 96 divide 182161?
False
Does 38 divide 88806?
True
Is 46504 a multiple of 54?
False
Does 217 divide 5095?
False
Does 48 divide 559445?
False
Does 11 divide 15532542?
False
Is 361788 a multiple of 37?
False
Does 6 divide 21024?
True
Does 213 divide 718164?
False
Does 22 divide 146652?
True
Is 42 a factor of 62978?
False
Is 857 a factor of 1801414?
True
Does 48 divide 2493504?
True
Is 300104 a multiple of 7?
True
Is 14366604 a multiple of 461?
True
Is 62 a factor of 2448105?
False
Does 15 divide 14441?
False
Does 18 divide 56736?
True
Is 1183540 a multiple of 590?
True
Is 757656 a multiple of 51?
True
Is 401310 a multiple of 18?
True
Does 91 divide 2470650?
True
Does 182 divide 121709?
False
Is 93 a factor of 176452?
False
Is 11575006 a multiple of 38?
False
Is 8255966 a multiple of 183?
False
Does 104 divide 96408?
True
Is 353 a factor of 364649?
True
Is 13 a factor of 585578?
False
Does 9 divide 3243573?
True
Is 103386 a multiple of 38?
False
Is 47 a factor of 294314?
True
Is 11 a factor of 460833?
False
Does 39 divide 169671?
False
Is 3 a factor of 236168?
False
Is 10 a factor of 2994320?
True
Is 1483 a factor of 2293502?
False
Does 215 divide 153725?
True
Does 1763 divide 142803?
True
Does 6 divide 7810?
False
Does 160 divide 2765120?
True
Does 10 divide 655039?
False
Does 189 divide 15807586?
False
Is 190 a factor of 499354?
False
Is 3 a factor of 22523?
False
Is 86 a factor of 29068?
True
Is 5020757 a multiple of 89?
True
Is 10 a factor of 271047?
False
Is 1156358 a multiple of 73?
False
Does 26 divide 225862?
True
Is 76116 a multiple of 6?
True
Does 489 divide 3975079?
False
Does 8 divide 1548968?
True
Is 71904 a multiple of 12?
True
Is 31854245 a multiple of 14?
False
Does 255 divide 1092568?
False
Is 2442440 a multiple of 770?
True
Does 3 divide 4852?
False
Is 9026187 a multiple of 13?
False
Is 1566 a factor of 5223186?
False
Is 41665 a multiple of 62?
False
Is 1158 a factor of 1271484?
True
Does 4 divide 92250?
False
Does 94 divide 300894?
True
Is 81 a factor of 1458?
True
Does 126 divide 63882?
True
Is 48 a factor of 2947632?
True
Does 2133 divide 3254958?
True
Does 65 divide 4317917?
False
Is 226857 a multiple of 731?
False
Is 418752 a multiple of 72?
True
Does 28 divide 305676?
True
Is 292678 a multiple of 26?
False
Does 11 divide 399434?
False
Does 38 divide 222704?
False
Is 2073582 a multiple of 126?
True
Is 12739 a multiple of 10?
False
Is 258 a factor of 23487?
False
Is 98 a factor of 1092112?
True
Does 649 divide 696596?
False
Is 250867 a multiple of 75?
False
Is 8 a factor of 3314606?
False
Does 814 divide 15365064?
True
Is 358310 a multiple of 28?
False
Is 350974 a multiple of 18?
False
Is 279 a factor of 216705?
False
Is 302 a factor of 141940?
True
Does 10 divide 1001720?
True
Is 9087 a multiple of 12?
False
Is 338 a factor of 214811?
False
Is 415 a factor of 54780?
True
Is 314 a factor of 9240914?
False
Is 2 a factor of 34338?
True
Is 3243299 a multiple of 12?
False
Does 3 divide 17523?
True
Is 8 a factor of 26960?
True
Is 42194 a multiple of 14?
False
Is 204 a factor of 15450?
False
Is 172180 a multiple of 6?
False
Is 58464 a multiple of 21?
True
Is 1138 a factor of 16256413?
False
Is 494956 a multiple of 44?
True
Is 542 a factor of 206000?
False
Is 2740773 a multiple of 81?
False
Does 44 divide 34381?
False
Does 19 divide 124603?
False
Is 281056 a multiple of 26?
False
Does 553 divide 1703030?
False
Does 17 divide 76880?
False
Is 5106360 a multiple of 56?
True
Is 2407860 a multiple of 23?
False
Does 157 divide 249983?
False
Does 111 divide 970695?
True
Is 246 a factor of 1323922?
False
Is 50421 a multiple of 147?
True
Is 6732437 a multiple of 288?
False
Is 159 a factor of 40545?
True
Is 630 a multiple of 64?
False
Is 4 a factor of 2520?
True
Is 217017 a multiple of 20?
False
Is 45 a factor of 2794005?
True
Is 37 a factor of 1168830?
True
Does 9 divide 21631?
False
Is 10 a factor of 183636?
False
Is 15 a factor of 20783715?
True
Does 287 divide 917661?
False
Does 164 divide 1031318?
False
Does 96 divide 127685?
False
Is 116901 a multiple of 2?
False
Is 307134 a multiple of 302?
True
Is 39 a factor of 330993?
True
Does 46 divide 29321?
False
Is 438 a factor of 3184380?
False
Is 559912 a multiple of 80?
False
Is 1426711 a multiple of 121?
True
Does 25 divide 13574725?
True
Is 271104 a multiple of 96?
True
Is 58 a factor of 1086661?
False
Is 226404 a multiple of 76?
True
Does 347 divide 333120?
True
Does 16 divide 5272016?
True
Is 4476358 a multiple of 70?
False
Is 51 a factor of 361209?
False
Is 100872 a multiple of 216?
True
Is 116700 a multiple of 389?
True
Does 140 divide 3963912?
False
Does 44 divide 31083?
False
Is 1512680 a multiple of 52?
True
Is 420 a factor of 177660?
True
Is 436900 a multiple of 257?
True
Is 22 a factor of 2574903?
False
Is 1884624 a multiple of 13?
False
Does 26 divide 1105617?
False
Does 95 divide 408025?
True
Is 4 a factor of 2452270?
False
Is 333 a factor of 20245734?
True
Is 5015640 a multiple of 14?
True
Is 11240432 a multiple of 1347?
False
Is 4 a factor of 1480432?
True
Is 269 a factor of 1050983?
True
Is 3187583 a multiple of 659?
True
Does 18 divide 326842?
False
Does 430 divide 292400?
True
Is 1654086 a multiple of 42?
True
Is 9 a factor of 111447?
True
Is 123690 a multiple of 217?
True
Does 25 divide 170712?
False
Is 244 a factor of 203945?
False
Is 80332 a multiple of 2?
True
Does 41 divide 289501?
True
Is 63 a factor of 13360473?
True
Is 6764898 a multiple of 1081?
True
Does 5 divide 287092?
False
Is 207957 a multiple of 103?
True
Is 645 a factor of 1587345?
True
Does 168 divide 4352880?
True
Is 143 a factor of 8006999?
True
Is 2614784 a multiple of 128?
True
Is 86686 a multiple of 10?
False
Does 162 divide 141137?
False
Does 47 divide 165158?
True
Is 9502894 a multiple of 13?
False
Does 86 divide 10339559?
False
Does 10 divide 7174520?
True
Is 69 a factor of 24840?
True
Is 84984 a multiple of 24?
True
Is 31 a factor of 562991?
True
Does 86 divide 49536?
True
Does 43 divide 1082660?
False
Is 51969 a multiple of 31?
False
Is 24 a factor of 112280?
False
Does 4 divide 173212?
True
Is 5 a factor of 15035?
True
Does 52 divide 288808?
True
Is 6201271 a multiple of 460?
False
Is 12024553 a multiple of 28?
False
Is 37903 a multiple of 29?
True
D